when 100 is divided by 8.
4
What is the remainder when 244 is divided by 82?
80
Calculate the remainder when 975 is divided by 15.
0
What is the remainder when 284 is divided by 275?
9
What is the remainder when 1349 is divided by 135?
134
What is the remainder when 73 is divided by 5?
3
What is the remainder when 85 is divided by 36?
13
What is the remainder when 164 is divided by 68?
28
Calculate the remainder when 266 is divided by 54.
50
Calculate the remainder when 58 is divided by 1.
0
What is the remainder when 98 is divided by 26?
20
Calculate the remainder when 1403 is divided by 36.
35
What is the remainder when 199 is divided by 27?
10
What is the remainder when 233 is divided by 72?
17
Calculate the remainder when 109 is divided by 19.
14
Calculate the remainder when 527 is divided by 80.
47
What is the remainder when 29698 is divided by 132?
130
What is the remainder when 1552 is divided by 382?
24
Calculate the remainder when 206 is divided by 15.
11
Calculate the remainder when 4350 is divided by 16.
14
What is the remainder when 285 is divided by 12?
9
Calculate the remainder when 23 is divided by 6.
5
What is the remainder when 54 is divided by 5?
4
Calculate the remainder when 173 is divided by 46.
35
Calculate the remainder when 111 is divided by 51.
9
What is the remainder when 593 is divided by 18?
17
What is the remainder when 202 is divided by 13?
7
What is the remainder when 1002 is divided by 25?
2
What is the remainder when 80 is divided by 9?
8
What is the remainder when 600 is divided by 67?
64
What is the remainder when 414 is divided by 70?
64
What is the remainder when 914 is divided by 120?
74
Calculate the remainder when 9135 is divided by 3034.
33
What is the remainder when 617 is divided by 302?
13
Calculate the remainder when 289 is divided by 58.
57
What is the remainder when 1325 is divided by 95?
90
Calculate the remainder when 1246 is divided by 56.
14
Calculate the remainder when 512 is divided by 26.
18
What is the remainder when 7318 is divided by 38?
22
What is the remainder when 430 is divided by 35?
10
What is the remainder when 6493 is divided by 28?
25
Calculate the remainder when 109 is divided by 10.
9
What is the remainder when 968 is divided by 16?
8
What is the remainder when 202 is divided by 33?
4
What is the remainder when 410 is divided by 136?
2
What is the remainder when 262 is divided by 53?
50
What is the remainder when 472 is divided by 27?
13
What is the remainder when 2073 is divided by 83?
81
Calculate the remainder when 20969 is divided by 14.
11
What is the remainder when 10583 is divided by 36?
35
Calculate the remainder when 461 is divided by 33.
32
What is the remainder when 651 is divided by 6?
3
What is the remainder when 2231 is divided by 732?
35
What is the remainder when 49 is divided by 5?
4
Calculate the remainder when 513 is divided by 274.
239
What is the remainder when 105 is divided by 70?
35
What is the remainder when 267 is divided by 21?
15
Calculate the remainder when 2260 is divided by 17.
16
What is the remainder when 623 is divided by 104?
103
What is the remainder when 839 is divided by 29?
27
What is the remainder when 709 is divided by 103?
91
Calculate the remainder when 2604 is divided by 851.
51
Calculate the remainder when 24469 is divided by 14.
11
What is the remainder when 48 is divided by 36?
12
What is the remainder when 827 is divided by 92?
91
Calculate the remainder when 11383 is divided by 26.
21
Calculate the remainder when 660 is divided by 479.
181
Calculate the remainder when 91921 is divided by 268.
265
Calculate the remainder when 184 is divided by 69.
46
What is the remainder when 1586 is divided by 131?
14
Calculate the remainder when 1108 is divided by 51.
37
Calculate the remainder when 1686 is divided by 289.
241
What is the remainder when 1666 is divided by 93?
85
What is the remainder when 5903 is divided by 16?
15
Calculate the remainder when 8279 is divided by 345.
344
What is the remainder when 1325 is divided by 45?
20
Calculate the remainder when 921 is divided by 204.
105
What is the remainder when 1402 is divided by 67?
62
Calculate the remainder when 1083 is divided by 537.
9
What is the remainder when 273 is divided by 46?
43
Calculate the remainder when 599 is divided by 20.
19
Calculate the remainder when 149 is divided by 5.
4
What is the remainder when 4601 is divided by 16?
9
Calculate the remainder when 234 is divided by 112.
10
Calculate the remainder when 168 is divided by 6.
0
Calculate the remainder when 19218 is divided by 62.
60
Calculate the remainder when 359 is divided by 24.
23
Calculate the remainder when 67 is divided by 3.
1
Calculate the remainder when 7253 is divided by 18.
17
What is the remainder when 3340 is divided by 119?
8
What is the remainder when 518 is divided by 492?
26
What is the remainder when 71 is divided by 24?
23
What is the remainder when 1227 is divided by 123?
120
What is the remainder when 3333 is divided by 6?
3
What is the remainder when 62 is divided by 3?
2
What is the remainder when 38 is divided by 10?
8
Calculate the remainder when 139 is divided by 6.
1
Calculate the remainder when 591 is divided by 24.
15
What is the remainder when 1764 is divided by 5?
4
What is the remainder when 430 is divided by 58?
24
Calculate the remainder when 20 is divided by 3.
2
Calculate the remainder when 225 is divided by 21.
15
What is the remainder when 248 is divided by 6?
2
Calculate the remainder when 115 is divided by 39.
37
What is the remainder when 250 is divided by 42?
40
Calculate the remainder when 958 is divided by 477.
4
What is the remainder when 55 is divided by 24?
7
Calculate the remainder when 201 is divided by 45.
21
Calculate the remainder when 1691 is divided by 11.
8
Calculate the remainder when 233 is divided by 74.
11
Calculate the remainder when 187 is divided by 38.
35
Calculate the remainder when 1103 is divided by 74.
67
What is the remainder when 1314 is divided by 94?
92
Calculate the remainder when 321 is divided by 43.
20
Calculate the remainder when 213 is divided by 70.
3
What is the remainder when 264 is divided by 89?
86
What is the remainder when 1508 is divided by 493?
29
What is the remainder when 889 is divided by 10?
9
What is the remainder when 3553 is divided by 14?
11
Calculate the remainder when 40 is divided by 9.
4
Calculate the remainder when 159 is divided by 144.
15
Calculate the remainder when 219 is divided by 113.
106
What is the remainder when 418 is divided by 42?
40
Calculate the remainder when 347 is divided by 60.
47
What is the remainder when 1087 is divided by 84?
79
What is the remainder when 654 is divided by 70?
24
What is the remainder when 1280 is divided by 61?
60
What is the remainder when 453 is divided by 35?
33
What is the remainder when 150 is divided by 26?
20
Calculate the remainder when 149 is divided by 2.
1
What is the remainder when 259 is divided by 66?
61
What is the remainder when 70 is divided by 1?
0
What is the remainder when 1097 is divided by 6?
5
Calculate the remainder when 640 is divided by 36.
28
What is the remainder when 176 is divided by 164?
12
Calculate the remainder when 1452 is divided by 543.
366
Calculate the remainder when 197 is divided by 60.
17
Calculate the remainder when 56 is divided by 17.
5
Calculate the remainder when 27 is divided by 10.
7
What is the remainder when 51 is divided by 11?
7
What is the remainder when 165 is divided by 76?
13
What is the remainder when 388 is divided by 39?
37
Calculate the remainder when 73 is divided by 39.
34
Calculate the remainder when 290 is divided by 90.
20
What is the remainder when 92 is divided by 86?
6
Calculate the remainder when 4015 is divided by 24.
7
Calculate the remainder when 43 is divided by 26.
17
Calculate the remainder when 2561 is divided by 42.
41
Calculate the remainder when 96 is divided by 27.
15
What is the remainder when 581 is divided by 74?
63
What is the remainder when 1399 is divided by 9?
4
Calculate the remainder when 161 is divided by 8.
1
Calculate the remainder when 6326 is divided by 38.
18
Calculate the remainder when 28 is divided by 8.
4
Calculate the remainder when 125 is divided by 63.
62
What is th